16?
10
Let z(p) = 2*p**3 - 9*p**2 + 2*p + 34. What is the remainder when 68 is divided by z(4)?
16
Let t(v) = 11*v - 22*v + 3*v. What is the remainder when t(-7) is divided by 12?
8
Let a(x) = -32*x - 2. Let t be a(-1). Suppose 4*b + t - 90 = 0. What is the remainder when 27 is divided by b?
12
Suppose -281 = -4*a + 3*v, 5*v + 207 - 10 = 3*a. Let z = a - 59. What is the remainder when 44 is divided by z?
14
Let u = -64 + 77. Calculate the remainder when 10/(15/(-21) + 1) + 3 is divided by u.
12
Let x(f) = f**3 + 11*f**2 + 4*f + 5. What is the remainder when x(-10) is divided by 14?
9
Let x(p) = -3*p**2 + 4 + 2*p**2 - p**2 + 3*p**2 - 3*p. What is the remainder when 42 is divided by x(6)?
20
Suppose 186 = 5*k - 4*n, 0 = -2*k + 2*n - 0*n + 74. What is the remainder when 60 is divided by k?
22
Calculate the remainder when 31 - (25/7 + (-12)/21) is divided by 6.
4
Suppose 0 = -a - k + 16, 5*a - 3*k - 60 = 2*k. Let r(m) = -3*m**2 + m - 6. Let p be r(5). Calculate the remainder when p/2*2/(-2) is divided by a.
10
Suppose 2*n = -4 + 12. Suppose 13 = 4*a - w - n*w, 0 = 4*a - w + 7. What is the remainder when (-3)/(18/22)*a is divided by 3?
2
What is the remainder when 21 is divided by ((0 - -4) + (-5 - 10))*-1?
10
Suppose -3*y + 4*x - 16 = -6*y, -5*y - x = -38. Calculate the remainder when 53 is divided by y.
5
Let g be (-2)/7 + (-14778)/(-126). Suppose 0 = -3*y + 2*n + 150, 2*y + 5*n = 2 + g. What is the remainder when y is divided by 11?
8
Let l = -254 + 278. Let f be (2 - (-1 - -2))/1. Calculate the remainder when l is divided by f/4 - (-70)/8.
6
Let l(p) = -14*p - 9. Let s(d) = -d**2 + d + 8. Let v be s(0). Let a be 2/16 - 25/v. Calculate the remainder when l(a) is divided by 9.
6
Suppose -163 = -g - 2*f - 20, -4*f + 560 = 4*g. What is the remainder when g is divided by 28?
25
Let b = 79 + -65. What is the remainder when 193 is divided by b?
11
Suppose -4*z = -5*z - 26. Let c = 26 + z. Suppose c = 4*l - 107 - 109. Calculate the remainder when l is divided by 19.
16
Let q be ((-4)/6)/(2/(-24)). Suppose 0 = -2*f - 2 - q, 0 = 4*r - 4*f - 68. Calculate the remainder when r is divided by 8.
4
Let k = 12 - 2. Suppose 3*g = -3*j + 90, 0 = -g + 3*j + 12 + 10. What is the remainder when g is divided by k?
8
Let t be (6/(-4))/(2/((-24)/9)). Suppose 2 - 6 = -t*m, 2*a + 5*m - 380 = 0. Calculate the remainder when a is divided by 31.
30
Suppose -15 = 4*z - 9*z. Let f(q) = q**2 - 2*q**2 + 39*q + z - 49*q. What is the remainder when 22 is divided by f(-9)?
10
Let p(q) = 2*q**2 - 7*q + 5. Let i be p(4). Let c be 2/(33/i + -3). Suppose c*w = 104 + 1. Calculate the remainder when 68 is divided by w.
33
Suppose 0 = -3*a + 5*a, -4*k = -4*a - 384. What is the remainder when k is divided by 9?
6
Let m(l) = l**3 - 11*l**2 + 18*l - 34. What is the remainder when m(10) is divided by 17?
12
Let q = 398 + -362. Calculate the remainder when q is divided by 13.
10
Suppose 2*p + b - 272 = -117, 95 = p + 4*b. What is the remainder when p is divided by 19?
18
Suppose 758 = 2*x - 5*n + 9*n, 5*n = -4*x + 1531. What is the remainder when x is divided by 65?
64
Let f be (2 + ((-2)/4 - 3))*-2. Let b(t) = 19*t**2 + 11*t - 7. Calculate the remainder when b(f) is divided by 20.
17
Let x(o) = -22*o**3 - o**2 - o - 1. Suppose 64 = 6*f - 176. What is the remainder when f is divided by x(-1)?
19
Let x(n) = -n**3 - 12*n**2 - 8*n + 36. Calculate the remainder when 138 is divided by x(-11).
0
Suppose -2*p + 25 = -h, -5*h + p = -3*p + 131. Let r(t) = -t**2 - 28*t - 21. Calculate the remainder when r(h) is divided by 4.
2
Suppose 4*z - 25 = -y, 2 = 2*z + 2*y - 6. What is the remainder when 28 is divided by z?
0
Let t = 189 + -133. Suppose -6 = -3*k - m + 28, -2*m = 5*k - t. Let h = -17 + 40. What is the remainder when h is divided by k?
11
Let a(m) = -m**3 + 4*m**2 - 2*m. Suppose 3*v - 5*h - 44 = 0, h - 6*h + 64 = 3*v. Suppose 0 = 2*c + c - v. What is the remainder when c is divided by a(3)?
0
Let x(h) = 4*h**2 + 47*h + 135. What is the remainder when x(-3) is divided by 5?
0
Let j = 60 - 68. Calculate the remainder when 104 is divided by 26 - (1/(-4))/((-2)/j).
23
Let g(x) = -x**3 + 7*x**2 + 3*x + 5. Let f(v) = -v**3 + 6*v**2 + 2*v + 4. Let k(i) = -5*f(i) + 4*g(i). Calculate the remainder when 89 is divided by k(3).
14
Let q = -4 + 7. What is the remainder when 52 is divided by 17 + (-2)/((-6)/q)?
16
Calculate the remainder when (114/5)/(2 + 32/(-20)) is divided by 29.
28
Suppose -5*j + 39 = -4*o - 72, 24 = j + o. Suppose -h - 3*q - j = 0, 5*q - q - 115 = 5*h. Let i = 58 + h. Calculate the remainder when i is divided by 19.
16
Let r = -2 + -5. Let q(x) = -8*x - 15. What is the remainder when 80 is divided by q(r)?
39
Let k(i) be the third derivative of -i**4/8 + 7*i**3/6 + 83*i**2. Suppose 2*j + 20 = -3*j. Calculate the remainder when 75 is divided by k(j).
18
Let f = -1301 - -1389. What is the remainder when 316 is divided by f?
52
Let i(v) = 49*v + 505. What is the remainder when 566 is divided by i(-10)?
11
Let g(r) = r**3 + r**2 - 5*r - 5. Let i be g(-1). Suppose i*c - 18 = -q - 4*c, -2*q - 5*c + 33 = 0. What is the remainder when 54 is divided by q?
12
Suppose 5*p - 50 = 2*c, c + c = 0. Let q = 6 + 21. Calculate the remainder when q is divided by p.
7
Let f be ((-70)/(-25))/(1/(-5)). Let c be 338/f - 1/(-7). Let j = -9 - c. What is the remainder when j is divided by 4?
3
Let m(u) = -2*u - 13. Let s be m(-9). Suppose -24 = w - s*w. Suppose -w*n + 3*n = -6. What is the remainder when 4 is divided by n?
0
Let u = -457 + 585. What is the remainder when u is divided by 13?
11
Suppose 41 = r - 7. Calculate the remainder when r is divided by 21.
6
Suppose -141 = 2*s + 5*w - 34, -s - w - 58 = 0. Let p = s + 62. Calculate the remainder when 4 is divided by p.
0
Suppose 9*t + 65 = 14*t. Suppose 3*j = -32 - t. Calculate the remainder when (3/j)/((-3)/195) is divided by 3.
1
Let z = -19 - -23. Let v(u) = 2*u**2 - 3*u - 8. What is the remainder when 34 is divided by v(z)?
10
Let f = 57 + -47. Suppose -w = 2*y - 49, -y - 3*y = -12. What is the remainder when w is divided by -1 + f/8 - 1118/(-104)?
10
Let s be (0 - 2)*(-5)/2. Suppose 5 = s*t + 15. What is the remainder when (t/(-2))/(3/201) is divided by 17?
16
Suppose -90 = -d - 3*p, 0*p = 3*d - p - 280. Calculate the remainder when d is divided by 14.
9
Calculate the remainder when 37 is divided by (4 - -24 - 5) + -4.
18
Let j(q) = -q**3 - 13*q**2 - 3*q - 29. Calculate the remainder when 772/10 - 1/5 is divided by j(-13).
7
Let h(y) = 15*y + 4. Let t = 931 - 912. What is the remainder when h(6) is divided by t?
18
Let g(s) = -s**2 - 14*s - 18. Let r be g(-8). Suppose r*x = 26*x + 172. What is the remainder when 85 is divided by x?
42
Suppose u = -3*k - u + 392, 0 = 4*k - u - 530. Suppose -l + 5*l = k. Suppose 0*r - r = -65. Calculate the remainder when r is divided by l.
32
Suppose 0 = -2*b - 2*n + 506, 3*b - 952 + 201 = 5*n. What is the remainder when b is divided by 85?
82
What is the remainder when 64 is divided by (-84)/7*((-9)/(-2))/(-3)?
10
Suppose 2*j - 165 = 3*g, 354 = 4*j - 28*g + 30*g. Calculate the remainder when j is divided by 6/4*(7 - 1).
6
Calculate the remainder when 237 is divided by 19 + (-40)/(6 + 2).
13
Suppose 10*v + 5310 = 55*v. Calculate the remainder when v is divided by 63.
55
Suppose -14*g + 124 = 12. Calculate the remainder when 102 is divided by (g - -2)*(-5)/(-2) - 4.
18
Suppose -5*x = -f - 150, x - 5*x - 4*f = -144. Let i = x - -32. What is the remainder when i is divided by 17?
12
Let n = 259 - 216. What is the remainder when 83 is divided by n?
40
Let u(w) = -8*w + 80. Calculate the remainder when u(-26) is divided by 97.
94
Let u be 2/5 + 189/(-35). Let i(o) = o**2 - 9*o - 9. Suppose 0 = z + 4*b - 36, -5*b + 25 = -0*b. What is the remainder when i(u) is divided by z?
13
Let g = -555 + 585. Calculate the remainder when 326 is divided by g.
26
Suppose 0 = 16*b - 20*b + 144. Suppose 0 = 4*g - m + 3*m - b, 2*g - 2 = 3*m. Calculate the remainder when 13 is divided by g.
6
Let d = 281 + 167. Calculate the remainder when d is divided by 10.
8
Let t(j) = -j**2 + 7*j - 3. Let w(d) = -d + 2. Let u be w(-4). Let z be t(u). Suppose 5*l - 10 = z*l. Calculate the remainder when 19 is divided by l.
4
Calculate the remainder when 7